remainder when 120744 is divided by 308.
8
What is the remainder when 1092165 is divided by 39004?
53
Calculate the remainder when 289468629 is divided by 9255.
9249
What is the remainder when 4294651 is divided by 14?
11
Calculate the remainder when 3949796 is divided by 2068.
1984
What is the remainder when 4860145 is divided by 6807?
6754
Calculate the remainder when 1645638 is divided by 548466.
240
What is the remainder when 1999867 is divided by 314?
1
What is the remainder when 91968396 is divided by 172?
168
What is the remainder when 1877371 is divided by 724?
39
Calculate the remainder when 443116 is divided by 652.
408
What is the remainder when 17281489 is divided by 200?
89
Calculate the remainder when 779156 is divided by 28828.
800
Calculate the remainder when 85391 is divided by 3269.
397
Calculate the remainder when 22650 is divided by 22547.
103
What is the remainder when 256811 is divided by 1976?
1907
What is the remainder when 739544 is divided by 11205?
14
Calculate the remainder when 22201489 is divided by 403663.
24
What is the remainder when 551165 is divided by 1215?
770
What is the remainder when 4299991 is divided by 553?
416
Calculate the remainder when 34755 is divided by 11218.
1101
What is the remainder when 8739806 is divided by 616?
614
Calculate the remainder when 20801 is divided by 945.
11
Calculate the remainder when 403351 is divided by 3570.
3511
What is the remainder when 12085 is divided by 1364?
1173
What is the remainder when 3750053 is divided by 2889?
131
Calculate the remainder when 107764258 is divided by 30043.
17
Calculate the remainder when 7945816 is divided by 280.
256
What is the remainder when 29222 is divided by 9714?
80
What is the remainder when 27639 is divided by 5131?
1984
Calculate the remainder when 15671093 is divided by 644.
641
Calculate the remainder when 1439423 is divided by 98.
97
Calculate the remainder when 86228591 is divided by 3615.
3611
Calculate the remainder when 56340 is divided by 24.
12
What is the remainder when 1780852 is divided by 910?
892
What is the remainder when 1653516 is divided by 221?
215
What is the remainder when 234922 is divided by 31889?
11699
Calculate the remainder when 1917056478 is divided by 137.
134
What is the remainder when 185737 is divided by 3317?
3302
What is the remainder when 95462 is divided by 93592?
1870
Calculate the remainder when 47710 is divided by 5184.
1054
What is the remainder when 72749971 is divided by 2959?
2956
What is the remainder when 1370360 is divided by 2774?
4
Calculate the remainder when 8334470 is divided by 49.
11
What is the remainder when 197797544 is divided by 261?
260
Calculate the remainder when 12614291 is divided by 360408.
11
Calculate the remainder when 469439 is divided by 37.
20
What is the remainder when 96163 is divided by 226?
113
What is the remainder when 34807 is divided by 3683?
1660
What is the remainder when 1184730 is divided by 258?
252
What is the remainder when 38547 is divided by 9626?
43
Calculate the remainder when 147318 is divided by 6695.
28
Calculate the remainder when 117011 is divided by 1240.
451
Calculate the remainder when 164211 is divided by 1399.
528
Calculate the remainder when 11613219 is divided by 28256.
3
Calculate the remainder when 15565311 is divided by 1376.
1375
What is the remainder when 7845 is divided by 483?
117
Calculate the remainder when 108927 is divided by 27107.
499
Calculate the remainder when 2470766 is divided by 79.
41
Calculate the remainder when 1373704 is divided by 187.
2
Calculate the remainder when 5280903 is divided by 20.
3
What is the remainder when 5560171 is divided by 131?
7
What is the remainder when 212925292 is divided by 1849?
1848
Calculate the remainder when 2092776 is divided by 466.
436
Calculate the remainder when 1558055 is divided by 519.
17
Calculate the remainder when 1117533 is divided by 7352.
29
What is the remainder when 835795 is divided by 89?
85
What is the remainder when 363667 is divided by 1790?
297
Calculate the remainder when 1261936 is divided by 630866.
204
What is the remainder when 731445 is divided by 5199?
3585
Calculate the remainder when 1203472 is divided by 240288.
2032
Calculate the remainder when 7067085 is divided by 1413414.
15
Calculate the remainder when 5514479 is divided by 83.
42
Calculate the remainder when 212941 is divided by 1589.
15
Calculate the remainder when 280635 is divided by 2458.
423
What is the remainder when 8420913 is divided by 174?
9
Calculate the remainder when 449134 is divided by 72.
70
What is the remainder when 282147985 is divided by 14?
7
What is the remainder when 2274234 is divided by 94?
92
What is the remainder when 1031085 is divided by 343634?
183
What is the remainder when 11135113 is divided by 3711473?
694
What is the remainder when 209267 is divided by 209216?
51
What is the remainder when 633081 is divided by 78289?
6769
What is the remainder when 168355 is divided by 1324?
207
Calculate the remainder when 1198659 is divided by 88.
11
What is the remainder when 6446436 is divided by 1430?
1426
What is the remainder when 12814385 is divided by 52952?
1
What is the remainder when 95152 is divided by 29924?
5380
Calculate the remainder when 278839 is divided by 949.
782
What is the remainder when 87266 is divided by 4295?
1366
What is the remainder when 28834 is divided by 177?
160
Calculate the remainder when 338403 is divided by 472.
451
Calculate the remainder when 150158929 is divided by 2981.
2978
Calculate the remainder when 40135337 is divided by 2065.
2062
What is the remainder when 511952 is divided by 137?
120
What is the remainder when 2865701 is divided by 955233?
2
Calculate the remainder when 549443 is divided by 297.
290
Calculate the remainder when 9593914 is divided by 1199239.
2
What is the remainder when 11609908 is divided by 97?
75
Calculate the remainder when 10631741 is divided by 41693.
26
Calculate the remainder when 27745 is divided by 375.
370
Calculate the remainder when 3984237 is divided by 40654.
145
What is the remainder when 309927 is divided by 4768?
7
Calculate the remainder when 13601534 is divided by 6.
2
What is the remainder when 2827927 is divided by 1095?
637
Calculate the remainder when 675875 is divided by 39727.
516
What is the remainder when 81574 is divided by 264?
262
Calculate the remainder when 5321161 is divided by 31.
11
What is the remainder when 373345522 is divided by 3348?
3346
What is the remainder when 6817092 is divided by 8?
4
What is the remainder when 409074 is divided by 58427?
85
Calculate the remainder when 478390101 is divided by 2452.
2449
What is the remainder when 134177 is divided by 31411?
8533
Calculate the remainder when 2149633 is divided by 67175.
33
What is the remainder when 11573558 is divided by 91?
87
What is the remainder when 1609814 is divided by 2239?
2212
Calculate the remainder when 2420580993 is divided by 18.
15
Calculate the remainder when 480765 is divided by 26707.
39
What is the remainder when 35600990 is divided by 5903?
5900
What is the remainder when 828240 is divided by 81?
15
Calculate the remainder when 4955036 is divided by 185.
181
Calculate the remainder when 305253 is divided by 20.
13
Calculate the remainder when 1201466 is divided by 451.
2
What is the remainder when 233010962 is divided by 4273?
4272
Calculate the remainder when 91278 is divided by 2471.
2322
Calculate the remainder when 13587520 is divided by 41.
38
What is the remainder when 291470189 is divided by 157?
3
What is the remainder when 24928 is divided by 922?
34
What is the remainder when 20621 is divided by 422?
365
Calculate the remainder when 167250 is divided by 167176.
74
What is the remainder when 145298 is divided by 72611?
76
What is the remainder when 45647214 is divided by 1755662?
2
What is the remainder when 54731829 is divided by 2720?
2709
Calculate the remainder when 42294158 is divided by 10573539.
2
What is the remainder when 9693125 is divided by 18?
17
Calculate the remainder when 23079503 is divided by 283.
4
What is the remainder when 19256 is divided by 390?
146
What is the remainder when 10728 is divided by 2675?
28
Calculate the remainder when 22046 is divided by